rs of k(t).
5, 157
Suppose 0 = 2*u - 539 + 149. Let q be (56/35)/((-6)/u). Let d = 108 + q. What are the prime factors of d?
2, 7
Let n be 1/(-2)*(1 + -7). Suppose -4*g = 8, n*g = w + 8*g + 3. List the prime factors of 1301/w + (-9)/(-63).
2, 3, 31
Suppose 0 = -10*i - 11 + 61. Suppose 0 = i*o - l + 3*l - 850, -713 = -4*o + 5*l. What are the prime factors of o?
2, 43
Suppose 12*y - 32 = -4*y. Suppose -y*m + 456 = 184. What are the prime factors of m?
2, 17
Let k(g) = 13*g**2 + g + 18. Let h be k(10). Suppose -w + h + 43 = 0. List the prime factors of w.
3, 457
Let i(h) = -2*h - 26. Let x(n) be the third derivative of n**4/24 + 17*n**3/6 - 4*n**2. Let o(m) = -5*i(m) - 7*x(m). What are the prime factors of o(21)?
2, 37
Let y = 53 - 50. Suppose o + 12 = y*o. Suppose o*s - 11*s = -70. What are the prime factors of s?
2, 7
Let l(z) = -219*z - 3. Let w be -3*8/(-60)*-5. List the prime factors of l(w).
3, 5, 29
Suppose -6*h + h - 5*n = -35, -3*h = n - 15. Suppose 2*b - 2*m = 1310, 2623 = h*b - 0*m - 3*m. What are the prime factors of b?
2, 7, 47
Let j(m) = 9*m + 24. Let k(s) = -3*s**2 + 30*s - 31. Let y(b) = -b**2 + 10*b - 10. Let a(h) = 4*k(h) - 11*y(h). Let c be a(7). List the prime factors of j(c).
3, 29
Let g be (144/40)/(4/(6360/9)). Suppose -3*l + g - 24 = 0. What are the prime factors of l?
2, 3, 17
Let d = -94 - -101. Suppose -3*h + 11 = g, 2*g - 7 + 1 = -2*h. List the prime factors of (82 - g) + (8 - d).
2, 3, 7
Let x(a) = a**3 + a - 291. Let t = -6 - -6. Let k be x(t). Let d = -170 - k. List the prime factors of d.
11
Suppose 5*j = -3*i + 36 + 577, 3*i - 125 = -j. What are the prime factors of 285/(-57) - j/(-2 - -1)?
3, 13
What are the prime factors of (12/(-18))/(71/(-1836273))?
2, 37, 233
Let g(w) = 450*w**2 + 18*w + 149. List the prime factors of g(7).
5, 19, 47
Let q(u) = 2*u**3 - 155*u**2 + 313*u + 239. List the prime factors of q(76).
3, 7, 11, 29
Suppose -3637*r - 178299 = -3646*r. List the prime factors of r.
11, 1801
Suppose 10*h + 1 + 19 = 0. What are the prime factors of (-150)/h - (30 - 26)?
71
Suppose -4*j = 2*r - 13230, 57*r - 58*r + 6610 = j. List the prime factors of r.
5, 1321
Let k(p) = 2*p**2 - 13. Let d be k(3). What are the prime factors of 355 + 1 + d/(-5)?
5, 71
Suppose -j = -4*n + 79442 + 18886, 0 = 5*j. List the prime factors of n.
2, 3, 17, 241
Let k(c) = 40*c**2 - 67*c + 7. Let d be k(5). Suppose d = 109*y - 101*y. What are the prime factors of y?
2, 3, 7
Suppose -6*g + 3*o = -g - 32, 28 = 5*g - 2*o. Suppose -g*q + 3598 = -y - 1714, -20 = -5*y. List the prime factors of q.
3, 443
Suppose 2*g - 4*o = 4, -5*o + 55 = 5*g - 0*o. Let l be g + (7 - 5) + -4. Suppose -k + l = -181. List the prime factors of k.
11, 17
Let c = 4142 + -3203. List the prime factors of c.
3, 313
Let c = 94830 + -50338. List the prime factors of c.
2, 7, 227
Let l = 15 + -7. Suppose -2*n + l = 4*v - 0*v, -13 = -v + 5*n. Suppose v*t - t + 4*d = 272, d = -4*t + 551. What are the prime factors of t?
2, 3, 23
Suppose 87*z - 144 = 75*z. Let p(d) = 45*d + 62. What are the prime factors of p(z)?
2, 7, 43
Let c(b) = b**2 + 39*b + 254. Let d be c(-17). What are the prime factors of ((-48)/(-15))/((-2)/d)?
2, 3
Let a(f) = f**3 - 8*f**2 + 7*f. Let t be a(6). Let p = t - -26. List the prime factors of ((-27)/p)/(6/72).
3
Let i(s) = s**3 + 78*s**2 - 12*s + 25. What are the prime factors of i(-76)?
3, 23, 181
Let r = 8 - 6. Suppose -3*n = r*i - 50, 4 + 4 = -2*n. Let s = 59 - i. What are the prime factors of s?
2, 7
Let v(l) = 4*l - 2. Let i be v(0). Let q(t) = -517*t - 3. List the prime factors of q(i).
1031
Let g(s) = 1394*s - 1. Let t be g(1). Let z = t + -940. What are the prime factors of z?
3, 151
Let w = -5630 - -10035. List the prime factors of w.
5, 881
Let c be (-22 + 0)/(-1 + -1). Suppose -7*a + 5*t - c = -3*a, -2*a - 13 = 5*t. List the prime factors of (-5 + 58/10)*(-210)/a.
2, 3, 7
Let s(z) = 109*z - 1. Let w(g) = 108*g - 1. Let y(d) = -5*s(d) + 4*w(d). What are the prime factors of y(-3)?
2, 5, 17
Let b = 93476 - 64455. What are the prime factors of b?
29021
Suppose -29930 = -5*a - 2*n, 2782 = a - 2*n - 3216. List the prime factors of a.
2, 3, 499
Let f = -30757 + 46794. What are the prime factors of f?
7, 29, 79
Let i = 15363 + -6016. List the prime factors of i.
13, 719
Let v(g) = -g**3 - 9*g**2 - 8*g - 5. Let j be v(-10). Let d = 191 - j. List the prime factors of d.
2
Suppose -2*p = -m + 4*m - 8, -m + 5*p - 20 = 0. Suppose -3*i + 2088 = 3*r, m = 3*r - 4*i + 1104 - 3206. List the prime factors of r.
2, 349
Let h = -53 + 29. Let l be (-3)/(-2)*h/(-9). Suppose 19 = -l*i + 175. List the prime factors of i.
3, 13
Let a(z) = 4*z**2 - 16*z - 32. Let j(m) = 2*m**2 - 19*m + 36. Let d be j(4). What are the prime factors of a(d)?
2, 11
Let o(m) = -46*m - 57. Let x(l) = 25*l - 181. Let u be x(7). What are the prime factors of o(u)?
3, 73
Suppose -3 = 4*s - u, 24*u - 12 = -4*s + 20*u. Suppose 2*f - 1475 = n, s = -10*f + 9*f + 2*n + 742. What are the prime factors of f?
2, 23
Suppose 2006046 - 605634 = 52*z. List the prime factors of z.
3, 47, 191
Let c = -67 + 72. Suppose 3*g - k - 449 = 12, c*k - 5 = 0. List the prime factors of g.
2, 7, 11
Let u(b) = 30*b - 206. Let c be u(7). Suppose -946 = -a - o, c*a = -0*o + 5*o + 3820. What are the prime factors of a?
2, 5, 19
Let j = -48 - -86. Suppose 35*x = j*x - 12. Suppose -c + 190 = x*c. List the prime factors of c.
2, 19
Suppose 0 = 3*q - 4*a - 5847, 41*q + 4*a = 42*q - 1957. List the prime factors of q.
5, 389
Suppose 56070 = 3*p + 2*j, -5*j = -1575 + 1605. What are the prime factors of p?
2, 13, 719
Let b be (-1 + 57)*(-57)/(-114). Let z(r) = 21*r + 6. Let h be z(5). Suppose -l + h + b = 0. What are the prime factors of l?
139
Let h be (-2 + 6)*(-33)/44. Let r be ((-12)/h - -21) + 0 + 0. Let o = r - -82. What are the prime factors of o?
107
Suppose 28669*b - 1307916 = 28651*b. What are the prime factors of b?
2, 47, 773
Suppose 4*y + 58 - 706 = 0. List the prime factors of (-3)/27 + 111474/y.
2, 43
Suppose 5*y - 70728 = 2*y. List the prime factors of y/119 - 9/(153/2).
2, 3, 11
Let g = 3600 + 3406. What are the prime factors of g?
2, 31, 113
Let s = 57688 - 33175. List the prime factors of s.
3, 8171
Suppose 2*r + 226*z = 223*z + 31341, 5*r = 4*z + 78272. List the prime factors of r.
2, 3, 5, 29
Let n = -21340 + 31638. List the prime factors of n.
2, 19, 271
Let y = -6626 + 16431. What are the prime factors of y?
5, 37, 53
Suppose -5*z - 90 = -11*z. Suppose 2418 = -z*u + 28*u. List the prime factors of u.
2, 3, 31
Suppose 17 = 4*h + m, 0*h = 4*h - 4*m - 32. Suppose 26 - 596 = -h*g. Suppose 0 = -5*r + 4*r + g. What are the prime factors of r?
2, 3, 19
Let b(f) = 4 + 9 - 16 - 4*f + 5*f**2. Let z be b(-1). Suppose i = 4*w - 502, -w - z*i + 136 = -i. What are the prime factors of w?
2, 3, 7
Let k = -10165 - -15739. What are the prime factors of k?
2, 3, 929
Suppose 10*t + 6 = 9*t. Let r be (-5)/(-15)*-1 + (-68)/t. Suppose -14*u + 258 = -r*u. What are the prime factors of u?
2, 43
Let j = 1644 - 1387. Let x(r) = -r**3 + 2*r**2 + 4*r - 1. Let h be x(3). Suppose f + 6 = s - 125, -h*s + f + j = 0. List the prime factors of s.
2, 3, 7
Let w(b) = -18*b**2 - b + 1. Let r be w(-2). Let v = 74 + r. Suppose -v*q = 3*a - 179, 52 = 3*a + 4*q - 126. List the prime factors of a.
2, 29
Suppose s + i = 1635, 54 = 5*i + 69. Let h = s - 473. List the prime factors of h.
5, 233
Let y(i) = -5875*i - 203. What are the prime factors of y(-2)?
3, 1283
Let g(i) = -8 + 28 + 8 - 2*i. Let f be g(13). Suppose 402 = f*t + 56. What are the prime factors of t?
173
Let y(v) = 2*v**2 - 18*v - 41. Let r(n) = 2*n**2 - 19*n - 42. Let g(a) = -5*r(a) + 6*y(a). List the prime factors of g(11).
3, 7
Let c(k) = 6*k**2 + 12*k - 293. What are the prime factors of c(-35)?
6637
Let x = 121 + -78. Let t = x - 51. Let p(i) = -i**3 - 7*i**2 + 7*i. List the prime factors of p(t).
2
Let w(z) = -z**2 + 4*z - 9. Let l be w(5). Let k(i) = i**2 - 5*i + 4. Let q be k(l). Suppose 5*v = q + 280. What are the prime factors of v?
2, 5, 11
Let f = 92 - 41. What are the prime factors of f/15 + -3 + (-4664)/(-40)?
3, 13
Suppose 1243 = -101*r + 90*r. Let q = r - -115. What are the prime factors of q?
2
Suppose 0 = 3*f + 2*h - 119362, -108*f - 39778 = -109*f + 4*h. L